umber?
False
Let i be (-2)/(-10) - 63/15. Let m = -2 + i. Is m/9*(-771)/2 a composite number?
False
Let x = 11601 - 7952. Is x a composite number?
True
Let i(q) = 6*q**2 + 19*q - 3. Is i(8) composite?
True
Let c(o) = 5*o**2 - 2*o + 1. Let h be c(1). Suppose 4*f - 188 = -2*u, f - h*u - 48 = -5*u. Is f prime?
False
Suppose 0 = -6*y + 2*y + 36. Is y prime?
False
Suppose -5*r = 2*h + 19, -2*h - 82 = 3*h + r. Is h*-5*(-3)/(-3) composite?
True
Suppose -3*c = -0*c - 6. Suppose d - 169 = 5*y - c*y, 5*d = 3*y + 821. Is d a prime number?
True
Suppose 0*y + y - 2*x = 5, -y - 10 = x. Let k(m) = -m**3 - 3*m**2 + 7*m - 2. Is k(y) prime?
True
Is (22/8)/(1/548) a prime number?
False
Is ((-1725)/2 + -5)*(-12)/15 composite?
True
Let a(q) = -26*q**3 + q**2 - q - 3. Is a(-2) a composite number?
False
Is (-211 - 3)/(10/(-35)) composite?
True
Is (-3)/(-2) - 2586/(-12) prime?
False
Let h = -99 - -67. Suppose 5 = -4*s - s, -2*x - s - 483 = 0. Let m = h - x. Is m prime?
False
Suppose 10 = 4*c + 2*a, -4*c + a - 5*a = 0. Suppose c = 3*p - 19. Let u(s) = -s**3 + 8*s**2 + 9*s + 7. Is u(p) composite?
False
Let g be (-476 - -2)/(9/(-6)). Suppose -p - p = -g. Is p prime?
False
Let s = 221 - -103. Let w = 589 - s. Is w a composite number?
True
Let v be 1 + 3/(4 + -1). Let d be 2/3*93/v. Suppose 0 = 4*c + d - 171. Is c prime?
False
Suppose -5 = -3*d + 4. Let x be d*3/((-18)/(-220)). Suppose -b + 39 = -x. Is b composite?
False
Let z be 2 + 1/(3/(-24)). Is z/(-4)*(-716)/(-6) prime?
True
Let k = -8 + 30. Is k prime?
False
Let d(g) = -g**3 - g**2 - 5*g + 1574. Is d(0) a composite number?
True
Let q = 40 - -36. Suppose 3*d = -5*x + 57, q = 3*d + d - x. Is d composite?
False
Let x(w) = 5 + 96*w - 4 + 0. Is x(1) composite?
False
Suppose 16 = 4*y, 3*y = 2*f + 8*y - 3714. Is f a prime number?
True
Suppose 645 = -0*s + 3*s. Is s a prime number?
False
Suppose 0 = -3*n + 2 + 16. Let f = 61 - n. Is f prime?
False
Let m(q) = -2 + 2*q**2 - 1 - q**3 + 3*q + 4*q**2. Is m(5) a prime number?
True
Let q(t) = 291*t**2. Is q(1) a composite number?
True
Let j be (-4)/3*3/(-2). Suppose -3*l = -5*b + 83, -j*b - 3*b - 4*l = -111. Is b a composite number?
False
Suppose 2*d = -0*d - 8. Let q = d + 7. Suppose 0 = q*x - 0*x - 117. Is x a prime number?
False
Let o = -78 - -207. Is o prime?
False
Let r be (1 + -6)/(5/10). Let u(m) = 2*m**2 + 10*m + 15. Is u(r) a composite number?
True
Let s(g) = 2*g**2 + 10*g - 9. Is s(6) prime?
False
Suppose 4*r = r + 12. Suppose 0 = -r*m - 4, -h + m + 1 = -4. Suppose h*q - z = 23, -3 = -6*z + 3*z. Is q composite?
True
Suppose -10 = -5*v + 3*s, 1 = v + s - 1. Suppose -288 = -3*a + 3*k, -v*k + 4*k = a - 95. Is a a prime number?
True
Let u be (-2)/(-7) + (-626)/(-14). Suppose -y - 4*p = 1, -2*p = 5*y - u - 40. Is y prime?
True
Let m = 12 + 57. Is m prime?
False
Suppose 0 = 3*j + 3, -4*g + j - 274 = -j. Let y = g + 120. Is y a composite number?
True
Suppose -2*r + 0*x - 3*x + 14 = 0, -2*x - 54 = -5*r. Let t be -1*2 + r/2. Suppose 3*m - 168 + t = 0. Is m composite?
True
Let i = -30 + 134. Let d = 113 + -62. Let m = i - d. Is m a prime number?
True
Let i be ((-10)/(-3))/((-22)/(-33)). Suppose 3*q - 20 = 2*j, j = i*q - 2*j - 32. Is q a prime number?
False
Let y(u) = u**3 + 2*u**2 + 2*u + 3. Let z be y(-2). Let d be (-37)/(-7) + (-4)/14. Is 24 + (d - 2) + z a composite number?
True
Suppose 5*x - 1111 = 4*n, 2*x = -3*n + 36 + 413. Is x a composite number?
False
Let h(z) = 18*z + 12. Let w be h(-11). Let a = w + 373. Is a prime?
False
Let u be 2/(-4)*(-7 + 1). Suppose u*x + 3 = 30. Suppose 9 = 3*y - x. Is y a prime number?
False
Let f(l) = 17*l - 2. Let m be f(-4). Let q = 180 + m. Let z = q + -71. Is z a composite number?
True
Let x(c) = -c**3 + 6*c**2 + 2*c - 8. Let h be x(6). Suppose h*f - 416 + 108 = 0. Is f a composite number?
True
Let m(o) = -o**3 + o + 2. Let v be m(2). Let l be (7/v)/(3/(-36)). Let t = 36 - l. Is t prime?
False
Suppose -7*y + 3943 = -6*y. Is y a prime number?
True
Let w(k) be the third derivative of 19*k**5/60 - k**4/3 - k**3/3 + 4*k**2. Let b be w(6). Is (-4)/18 + b/18 prime?
False
Let w(z) = -94*z. Let c be w(-3). Suppose -2*q - q + c = 0. Let r = q + -3. Is r prime?
False
Let g(m) = m**2 - 2*m - 3. Let j be g(-2). Suppose -j*r = 11 - 46. Let n(s) = 4*s - 9. Is n(r) a composite number?
False
Let m = 175 - 70. Let x = -57 + m. Let k = -23 + x. Is k composite?
True
Suppose -25 = 5*n, 3*n - 7 = 4*c - 38. Suppose -c*y + 5 = 1. Let p(b) = 57*b**2 + b - 1. Is p(y) a composite number?
True
Let h(b) = b**2 - 2*b + 1. Let w be h(3). Suppose a + 8 = -3*a, -5*c - 3*a - 6 = 0. Suppose c = w*m - 8, -3*o - 3*m = -o - 136. Is o a prime number?
False
Suppose 0 = 5*q - 105. Is q composite?
True
Suppose -2*m + 5*m = -36. Let s be (8/m)/(2/(-201)). Suppose -3*q + 38 + s = 0. Is q a prime number?
False
Let w = -18 + 20. Let m = 1 - 5. Is (1004/(-8))/(w/m) composite?
False
Let a be ((-25)/10)/((-2)/436). Suppose -a = -3*z - 2*z. Is z prime?
True
Suppose 0 = 2*u - u - 14. Let q be (-80)/u + 2/(-7). Is 4/6*(-333)/q a composite number?
False
Let p(y) = y**2 + 13*y - 11. Is p(-14) prime?
True
Let j(v) = 235*v**2 - 5*v - 3. Is j(-1) prime?
False
Suppose -26 = -4*i + 3*i - 3*g, -3*i + g = -118. Is i a prime number?
False
Suppose 2*h = -0*z + 2*z + 438, -h + 5*z = -203. Is h composite?
False
Let i(x) = 3*x - 32. Is i(14) a composite number?
True
Let b(z) = -326*z + 7. Is b(-2) a prime number?
True
Let d(z) = 319*z - 10. Is d(5) a prime number?
False
Let w be (-7 + 6)/((-2)/6). Suppose -b - 4*b = -f + 138, -w*f + 346 = 2*b. Is f a prime number?
False
Suppose -t + 6349 = -i, -4194 - 2167 = -t - 2*i. Is t composite?
False
Suppose 0 = 4*y - 18 + 6. Suppose 2*g = -2*c + 64, 4*g - 5*g + y*c = -28. Is g composite?
False
Let j(x) = 32*x + 15. Is j(4) a prime number?
False
Let s = -273 - -496. Is s prime?
True
Let c(j) = j**3 - 7*j**2 + 4*j + 4. Let g be c(7). Suppose 0 = -2*m - 4*z + g, 4*z = 4*m - 14 - 14. Is m prime?
False
Let l = 353 - 221. Suppose 2 = q - 1. Suppose l = q*c + c. Is c prime?
False
Suppose 0 = -0*h + 5*h - 4385. Is h a composite number?
False
Let y = 4 - 1. Let f = -23 + 134. Suppose -y*z + 0*z = -f. Is z prime?
True
Suppose 2*f = 222 + 16. Is f prime?
False
Let f(w) be the second derivative of w**4/12 - w**3/3 + w**2 - w. Is f(-5) composite?
False
Let p(f) = 4*f**2 - 2*f**2 + 2*f**3 - 3*f**2. Let h be p(-1). Is h/4 - 1986/(-24) a prime number?
False
Suppose 0 = 3*c - c - 14. Let o = c + -5. Suppose -o*z - 39 = -117. Is z a prime number?
False
Let o(v) = 5*v**3 - 5*v**2 - 6*v + 1. Is o(5) composite?
True
Let g = -3 - -1. Is (-3)/2*52/g a prime number?
False
Let x be ((-20)/(-30))/((-2)/(-21)). Let h(i) = -i**3 + 10*i**2 + 11*i - 10. Is h(x) a composite number?
True
Let v be 2/10 - (-114)/30. Let r = -4 + v. Suppose -h + 0*h + 31 = r. Is h a prime number?
True
Let j(y) = y**2 - 6*y + 6. Let d be (-4)/18 - 76/(-18). Let w be j(d). Is (19 + 0)/((-2)/w) composite?
False
Let u = 752 - 309. Is u a prime number?
True
Let d(u) = 54*u - 1. Let a(j) = -j. Let g be a(-3). Is d(g) prime?
False
Is (5/(-2))/(-1 + 445/446) composite?
True
Suppose t - 60 = -3*a + 296, -5*t - 2*a = -1754. Let q = t - 223. Is q a composite number?
False
Let t(f) = -f**2 - 4*f + 4. Let k be t(-5). Is (81 + -2)*(0 - k) a composite number?
False
Let j(t) = 21*t - 6. Suppose 5*k - d - 3*d = 15, 19 = 2*k + d. Let b be j(k). Suppose -353 = -4*f - b. Is f composite?
False
Suppose -2*l + 3*w = -71, 5*l - 3*w - 183 = -w. Is l prime?
True
Let i = 2968 + -1671. Is i a composite number?
False
Is -7*236/(-1 - 3) a composite number?
True
Is 83/(0 + 1/1) composite?
False
Let c = -18 - -13. Let h = -2 + -328. Is (h/(-4))/c*-2 a prime number?
False
Let a(c) = c**3 + 4*c**2 - 11*c - 3. Let l be a(-8). Let v = l + 302. Is v a composite number?
False
Let f = 45 - 15. Suppose 4*w + 4*h - f = 2, 3*h + 6 = 3*w. Suppose 0 = 4*c - p - 162 + 7, 0 = w*c + 3*p - 198. Is c a prime number?
False
Suppose -5*y = 4*n, 3*y + 15 = 2*n - 7. Is 93/n - 16/(-40) a composite number?
False
Suppose -c + 15 = -5*m + 2*m, 0 = 2*c - 3*m - 42. Let j = c + 308. Is j a prime number?
False
Let p(h) = -h**3 + 5*h**2 + h - 2. Let s(i) = 2*i - 5. Let n be s(4). Is p(n) prime?
True
Let f be -1 - 33/(-3) - 0. Let h = -6 + f. Suppose z = -h*z + 110. Is z p